
Does 23 divide 37076?
True
Is 2252662 a multiple of 58?
True
Does 14 divide 1085216?
False
Is 228 a factor of 101004?
True
Is 38 a factor of 102980?
True
Is 239794 a multiple of 2?
True
Is 11730624 a multiple of 571?
True
Does 86 divide 1117914?
True
Does 11 divide 594483?
False
Is 3 a factor of 1442?
False
Does 514 divide 2253069?
False
Is 176 a factor of 106893?
False
Is 104704 a multiple of 21?
False
Is 7919923 a multiple of 517?
True
Is 3530964 a multiple of 622?
False
Is 1005024 a multiple of 361?
True
Does 111 divide 272283?
True
Is 8 a factor of 63909?
False
Is 53273 a multiple of 11?
True
Is 34615 a multiple of 5?
True
Does 9 divide 2412180?
True
Is 137 a factor of 1006265?
True
Is 45 a factor of 535590?
True
Is 790080 a multiple of 576?
False
Is 307 a factor of 2893782?
True
Is 583777 a multiple of 82?
False
Is 16187 a multiple of 22?
False
Does 39 divide 85800?
True
Is 1380 a factor of 3535375?
False
Is 292949 a multiple of 73?
True
Does 21 divide 129066?
True
Is 94 a factor of 190538?
True
Does 24 divide 1560?
True
Is 510 a multiple of 3?
True
Is 982 a factor of 2951078?
False
Is 2585160 a multiple of 258?
True
Is 205 a factor of 829424?
False
Does 987 divide 257861?
False
Does 18 divide 3855906?
True
Is 218 a factor of 108782?
True
Is 547 a factor of 14944040?
True
Is 413 a factor of 55733?
False
Does 79 divide 1787928?
True
Is 686 a factor of 3082739?
False
Is 159 a factor of 190319?
False
Does 15 divide 13034589?
False
Is 52110 a multiple of 84?
False
Does 40 divide 77920?
True
Is 1285605 a multiple of 927?
False
Is 76 a factor of 222834?
False
Does 15 divide 70477?
False
Is 37 a factor of 12440997?
False
Is 39427 a multiple of 511?
False
Is 4601040 a multiple of 322?
False
Does 207 divide 8909694?
True
Is 168394 a multiple of 538?
True
Is 46953 a multiple of 47?
True
Is 98458 a multiple of 16?
False
Is 67662 a multiple of 126?
True
Is 4596856 a multiple of 44?
True
Is 5780542 a multiple of 183?
False
Does 30 divide 2908855?
False
Is 3107847 a multiple of 25?
False
Is 23828 a multiple of 161?
True
Is 751227 a multiple of 19?
False
Is 176 a factor of 3650107?
False
Does 10 divide 12365?
False
Is 436490 a multiple of 128?
False
Is 108 a factor of 19064547?
False
Does 43 divide 6347498?
False
Does 59 divide 321025?
False
Is 2392317 a multiple of 128?
False
Is 5 a factor of 85365?
True
Does 99 divide 1182555?
True
Is 1945632 a multiple of 24?
True
Is 89 a factor of 107334?
True
Does 20 divide 701810?
False
Does 3 divide 51747?
True
Is 805 a factor of 354200?
True
Does 10 divide 93599?
False
Is 25 a factor of 2727050?
True
Is 941 a factor of 14778352?
False
Is 526 a factor of 574652?
False
Does 350 divide 350350?
True
Does 2657 divide 32117989?
False
Does 34 divide 146194?
False
Does 339 divide 2739829?
False
Does 143 divide 24453?
True
Is 24 a factor of 2269632?
True
Does 1750 divide 11521480?
False
Is 12 a factor of 530656?
False
Does 302 divide 1719286?
True
Is 7369995 a multiple of 285?
False
Is 40 a factor of 8867?
False
Is 5827731 a multiple of 91?
True
Does 19 divide 425864?
False
Is 132732 a multiple of 26?
False
Is 9663 even?
False
Is 25 a factor of 117224?
False
Is 19768 a multiple of 353?
True
Is 653616 a multiple of 34?
True
Is 633868 a multiple of 25?
False
Is 285048 a multiple of 111?
True
Does 11 divide 121607?
False
Is 229604 a multiple of 122?
True
Is 150100 a multiple of 19?
True
Is 571136 a multiple of 46?
True
Is 12348677 a multiple of 253?
True
Is 422 a factor of 285608?
False
Is 437 a factor of 5906686?
False
Is 13 a factor of 3742807?
False
Does 3 divide 776218?
False
Is 26087 a multiple of 12?
False
Is 1000 a factor of 3218000?
True
Is 352212 a multiple of 84?
True
Does 27 divide 7585974?
True
Is 6731816 a multiple of 159?
False
Is 1582019 a multiple of 642?
False
Is 5 a factor of 241471?
False
Does 2 divide 44414?
True
Is 137 a factor of 12133953?
True
Does 55 divide 65285?
True
Is 25 a factor of 3274975?
True
Is 2285234 a multiple of 1057?
True
Does 702 divide 774448?
False
Is 292847 a multiple of 19?
True
Is 71306 a multiple of 4?
False
Does 87 divide 18708?
False
Is 3 a factor of 16967?
False
Is 644181 a multiple of 289?
True
Is 5774170 a multiple of 505?
True
Is 226100 a multiple of 646?
True
Is 2 a factor of 22794?
True
Is 26249 a multiple of 77?
False
Is 6720 a multiple of 5?
True
Does 24 divide 14464709?
False
Is 10 a factor of 33116?
False
Does 73 divide 3348327?
False
Is 82 a factor of 240752?
True
Is 141280 a multiple of 209?
False
Is 331528 a multiple of 3?
False
Is 14777125 a multiple of 605?
True
Does 9 divide 332338?
False
Does 1448 divide 4719032?
True
Does 43 divide 81305?
False
Is 776 a factor of 2120032?
True
Is 85 a factor of 21688431?
False
Is 103180 a multiple of 385?
True
Is 7327214 a multiple of 1309?
False
Is 16 a factor of 11304156?
False
Is 752 a factor of 357952?
True
Is 60301 a multiple of 2?
False
Is 8 a factor of 2569276?
False
Is 1186839 a multiple of 389?
True
Does 119 divide 275273?
False
Does 266 divide 1040060?
True
Does 317 divide 3640?
False
Is 970779 a multiple of 866?
False
Is 2993169 a multiple of 6?
False
Is 16 a factor of 403808?
True
Is 629 a factor of 9438145?
True
Is 657951 a multiple of 399?
True
Is 17 a factor of 1303017?
False
Is 32342 a multiple of 331?
False
Is 29566139 a multiple of 19?
False
Is 445 a factor of 10479750?
True
Is 641232 a multiple of 146?
True
Does 64 divide 423498?
False
Is 562 a factor of 27426?
False
Is 114204 a multiple of 40?
False
Is 423235 a multiple of 44?
False
Is 943 a factor of 11675160?
False
Does 983 divide 2929404?
False
Is 2 a factor of 30859?
False
Is 48 a factor of 59448?
False
Is 126225 a multiple of 25?
True
Is 16 a factor of 60635?
False
Does 39 divide 216554?
False
Is 325887 a multiple of 18?
False
Does 146 divide 166732?
True
Is 1798734 a multiple of 144?
False
Is 82 a factor of 1051322?
True
Does 24 divide 2890954?
False
Is 357965 a multiple of 11?
False
Does 56 divide 224651?
False
Is 340 a factor of 431800?
True
Is 2340 a multiple of 78?
True
Is 73 a factor of 21964919?
False
Does 59 divide 272813?
False
Does 103 divide 121231?
True
Is 2391110 a multiple of 205?
False
Is 59 a factor of 5019307?
True
Does 68 divide 12888016?
False
Is 30855 a multiple of 51?
True
Is 30 a factor of 14860740?
True
Is 2471848 a multiple of 1004?
True
Does 192 divide 581376?
True
Does 18 divide 3978789?
False
Is 11 a factor of 143763?
False
Is 55580 a multiple of 18?
False
Is 70 a factor of 70415?
False
Is 274876 a multiple of 28?
True
Is 11 a factor of 38967?
False
Does 138 divide 625390?
False
Is 361 a factor of 2312419?
False
Does 2 divide 329301?
False
Is 783440 a multiple of 112?
True
Is 24009 a multiple of 453?
True
Does 174 divide 8579070?
True
Does 27 divide 592569?
True
Is 2099684 a multiple of 6?
False
Does 17 divide 1427519?
False
Is 18 a factor of 446508?
True
Is 1426172 a multiple of 11?
True
Is 1118535 a multiple of 229?
False
Is 408177 a multiple of 93?
True
Is 871 a factor of 3466580?
True
Is 1256280 a multiple of 20?
True
Is 325830 a multiple of 15?
True
Is 47704 a multiple of 67?
True
Is 182 a factor of 60518?
False
Is 403516 a multiple of 372?
False
Is 34 a factor of 886380?
True
Is 3240347 a multiple of 1087?
True
Is 274 a factor of 477664?
False
Is 114954 a multiple of 238?
True
Does 165 divide 106488?
False
Does 146 divide 2731184?
False
Is 125 a factor of 237101?
False
Does 38 divide 3656626?
True
Is 83 a factor of 875733?
True
Is 117540 a multiple of 180?
True
Is 719369 a multiple of 49?
True
Is 281952 a multiple of 48?
True
Is 371365 a multiple of 289?
True
Is 1225 a factor of 17987462?
False
Is 57970 a multiple of 85?
True
Is 6275720 a multiple of 839?
True
Does 253 divide 253506?
True
Is 958854 a multiple of 13?
True
Is 212 a factor of 11698160?
True
Does 168 divide 29904?
True
Is 27 a factor of 63095?
False
Is 3 a factor of 22708?
False
Is 683790 a multiple of 125?
False
Is 30 a factor of 1066413?
False
Is 570024 a multiple of 234?
True
Is 576365 a multiple of 105?
False
Is 19344 a multiple of 93?
True
Is 1304 a factor of 3227400?
True
Does 27 divide 227664?
True
Does 3 divide 270843?
True
Is 2357 a factor of 16298655?
True
Does 124 divide 1252400?
True
Is 3610200 a multiple of 1100?
True
Is 47 a factor of 28